{"id":1201,"date":"2025-09-23T08:52:51","date_gmt":"2025-09-23T06:52:51","guid":{"rendered":"https:\/\/tfe.femis.fr\/2025\/fiches-tfe\/diversite-et-distribution-les-ecrans-a-lepreuve-des-representations\/"},"modified":"2025-09-23T08:52:51","modified_gmt":"2025-09-23T06:52:51","slug":"diversite-et-distribution-les-ecrans-a-lepreuve-des-representations","status":"publish","type":"tfe","link":"https:\/\/tfe.femis.fr\/2025\/fiches-tfe\/diversite-et-distribution-les-ecrans-a-lepreuve-des-representations\/","title":{"rendered":"Diversit\u00e9 et distribution : les \u00e9crans \u00e0 l\u2019\u00e9preuve des repr\u00e9sentations"},"template":"","meta":{"_acf_changed":false},"class_list":["post-1201","tfe","type-tfe","status-publish","hentry","tfe_cursus-distribution"],"acf":[],"_links":{"self":[{"href":"https:\/\/tfe.femis.fr\/2025\/wp-json\/wp\/v2\/tfe\/1201","targetHints":{"allow":["GET"]}}],"collection":[{"href":"https:\/\/tfe.femis.fr\/2025\/wp-json\/wp\/v2\/tfe"}],"about":[{"href":"https:\/\/tfe.femis.fr\/2025\/wp-json\/wp\/v2\/types\/tfe"}],"wp:attachment":[{"href":"https:\/\/tfe.femis.fr\/2025\/wp-json\/wp\/v2\/media?parent=1201"}],"curies":[{"name":"wp","href":"https:\/\/api.w.org\/{rel}","templated":true}]}}

Diversité et distribution : les écrans à l’épreuve des représentations
